{"id":147,"date":"2019-07-29T18:24:39","date_gmt":"2019-07-29T16:24:39","guid":{"rendered":"http:\/\/192.168.188.16\/?post_type=product&#038;p=147"},"modified":"2022-09-05T11:44:57","modified_gmt":"2022-09-05T09:44:57","slug":"miele-di-arancio","status":"publish","type":"product","link":"https:\/\/apicolturaalbano.it\/index.php\/prodotto\/miele-di-arancio\/","title":{"rendered":"Miele di Arancio"},"content":{"rendered":"<p><strong>Disponibile da Giugno<\/strong><\/p>\n<p>Il fiore che cresce sul limone, sull\u2019arancio viene comunemente detto <a href=\"https:\/\/it.wikipedia.org\/wiki\/Zagara\" target=\"_blank\" rel=\"noopener noreferrer\">Zagara<\/a>: si tratta di fiori esteticamente gradevolissimi.<br \/>\nEssi hanno un profumo ritenuto da tutti inebriante e meraviglioso.<br \/>\nNaturalmente gli esseri umani non sono gli unici ad avere una predilezione per questi fiori: essi sono una meta ambita per quelle instancabili lavoratrici che sono le api.<br \/>\nNei mesi che vanno dalla primavera all\u2019inizio dell\u2019estate, nelle regioni del Meridione ha inizio un lavoro frenetico da parte degli indaffarati insetti.<br \/>\nIl cui risultato \u00e8 una delle pi\u00f9 deliziose e rinomate variet\u00e0 di miele in circolazione.<br \/>\nCaratterizzato da un aroma intenso e coinvolgente che richiama quello delle arance, il miele d\u2019arancio ha un sapore che si rivela invece particolare e molto simile al profumo delicato della zagara; il colore \u00e8 molto chiaro ed \u00e8 comune ad esempio al <a href=\"https:\/\/apicolturaalbano.it\/index.php\/prodotto\/miele-millefiori\/\">Miele Millefiori<\/a>, simile a un giallo paglierino. Il miele tende a cristallizzare spontaneamente dopo pochi mesi dal raccolto, e in queste circostanze assume un colore tendente al bianco o al beige.<br \/>\nIl miele di arancio 100% italiano \u00e8 uno dei migliori prodotti del mondo, data la sua eccezionale qualit\u00e0.<br \/>\nInoltre questo Miele \u00e8 la base del nostro <a href=\"https:\/\/apicolturaalbano.it\/index.php\/prodotto\/miele-aromatizzato-al-bergamotto\/\">Miele aromatizzato al Bergamotto<\/a><\/p>\n<p><strong>Miele e Formaggi in Cucina<\/strong><br \/>\nL\u2019abbinamento miele e formaggio consente di preparare dei piatti sfiziosi e raffinati che richiedono pochi semplici accorgimenti.<\/p>\n<p><strong>Formati Disponibili:<\/strong><\/p>\n<ul>\n<li>1000g (1 Kg)<\/li>\n<li>500g<\/li>\n<li>250g<\/li>\n<li>150g<\/li>\n<\/ul>\n<p><strong>Prodotto e Confezionato da Apicoltura Albano.<\/strong><br \/>\n<strong>Miele grezzo non pastorizzato; ovvero non sottoposto a trattamenti termici che potrebbero alterarne le propriet\u00e0.<\/strong><\/p>\n","protected":false},"excerpt":{"rendered":"<p>Disponibile da Giugno Il fiore che cresce sul limone, sull\u2019arancio viene comunemente detto Zagara: si tratta di fiori esteticamente gradevolissimi. Essi hanno un profumo ritenuto da tutti inebriante e meraviglioso. Naturalmente gli esseri umani non sono gli unici ad avere una predilezione per questi fiori: essi sono una meta ambita per quelle instancabili lavoratrici che [&hellip;]<\/p>\n","protected":false},"featured_media":7084,"template":"","meta":{"ocean_post_layout":"","ocean_both_sidebars_style":"","ocean_both_sidebars_content_width":0,"ocean_both_sidebars_sidebars_width":0,"ocean_sidebar":"0","ocean_second_sidebar":"0","ocean_disable_margins":"enable","ocean_add_body_class":"","ocean_shortcode_before_top_bar":"","ocean_shortcode_after_top_bar":"","ocean_shortcode_before_header":"","ocean_shortcode_after_header":"","ocean_has_shortcode":"","ocean_shortcode_after_title":"","ocean_shortcode_before_footer_widgets":"","ocean_shortcode_after_footer_widgets":"","ocean_shortcode_before_footer_bottom":"","ocean_shortcode_after_footer_bottom":"","ocean_display_top_bar":"default","ocean_display_header":"default","ocean_header_style":"","ocean_center_header_left_menu":"0","ocean_custom_header_template":"0","ocean_custom_logo":0,"ocean_custom_retina_logo":0,"ocean_custom_logo_max_width":0,"ocean_custom_logo_tablet_max_width":0,"ocean_custom_logo_mobile_max_width":0,"ocean_custom_logo_max_height":0,"ocean_custom_logo_tablet_max_height":0,"ocean_custom_logo_mobile_max_height":0,"ocean_header_custom_menu":"0","ocean_menu_typo_font_family":"0","ocean_menu_typo_font_subset":"","ocean_menu_typo_font_size":0,"ocean_menu_typo_font_size_tablet":0,"ocean_menu_typo_font_size_mobile":0,"ocean_menu_typo_font_size_unit":"px","ocean_menu_typo_font_weight":"","ocean_menu_typo_font_weight_tablet":"","ocean_menu_typo_font_weight_mobile":"","ocean_menu_typo_transform":"","ocean_menu_typo_transform_tablet":"","ocean_menu_typo_transform_mobile":"","ocean_menu_typo_line_height":0,"ocean_menu_typo_line_height_tablet":0,"ocean_menu_typo_line_height_mobile":0,"ocean_menu_typo_line_height_unit":"","ocean_menu_typo_spacing":0,"ocean_menu_typo_spacing_tablet":0,"ocean_menu_typo_spacing_mobile":0,"ocean_menu_typo_spacing_unit":"","ocean_menu_link_color":"","ocean_menu_link_color_hover":"","ocean_menu_link_color_active":"","ocean_menu_link_background":"","ocean_menu_link_hover_background":"","ocean_menu_link_active_background":"","ocean_menu_social_links_bg":"","ocean_menu_social_hover_links_bg":"","ocean_menu_social_links_color":"","ocean_menu_social_hover_links_color":"","ocean_disable_title":"default","ocean_disable_heading":"default","ocean_post_title":"","ocean_post_subheading":"","ocean_post_title_style":"","ocean_post_title_background_color":"","ocean_post_title_background":0,"ocean_post_title_bg_image_position":"","ocean_post_title_bg_image_attachment":"","ocean_post_title_bg_image_repeat":"","ocean_post_title_bg_image_size":"","ocean_post_title_height":0,"ocean_post_title_bg_overlay":0.5,"ocean_post_title_bg_overlay_color":"","ocean_disable_breadcrumbs":"default","ocean_breadcrumbs_color":"","ocean_breadcrumbs_separator_color":"","ocean_breadcrumbs_links_color":"","ocean_breadcrumbs_links_hover_color":"","ocean_display_footer_widgets":"default","ocean_display_footer_bottom":"default","ocean_custom_footer_template":"0"},"product_brand":[],"product_cat":[29],"product_tag":[],"class_list":{"0":"post-147","1":"product","2":"type-product","3":"status-publish","4":"has-post-thumbnail","6":"product_cat-miele","8":"entry","9":"has-media","11":"first","12":"instock","13":"featured","14":"shipping-taxable","15":"product-type-grouped","16":"has-product-nav","17":"col","18":"span_1_of_3","19":"owp-content-center","20":"owp-thumbs-layout-horizontal","21":"owp-btn-normal","22":"owp-tabs-layout-horizontal","23":"has-no-thumbnails"},"yoast_head":"<!-- This site is optimized with the Yoast SEO plugin v27.5 - https:\/\/yoast.com\/product\/yoast-seo-wordpress\/ -->\n<title>Miele di Arancio - Apicoltura Albano<\/title>\n<meta name=\"description\" content=\"Il Miele di Arancio (o Miele di Zagara) si presenta con un colore dorato dal profumo fresco del fiore di Zagara, Prodotto in Calabria.\" \/>\n<meta name=\"robots\" content=\"index, follow, max-snippet:-1, max-image-preview:large, max-video-preview:-1\" \/>\n<link rel=\"canonical\" href=\"https:\/\/apicolturaalbano.it\/index.php\/prodotto\/miele-di-arancio\/\" \/>\n<meta property=\"og:locale\" content=\"it_IT\" \/>\n<meta property=\"og:type\" content=\"article\" \/>\n<meta property=\"og:title\" content=\"Miele di Arancio - Apicoltura Albano\" \/>\n<meta property=\"og:description\" content=\"Il Miele di Arancio (o Miele di Zagara) si presenta con un colore dorato dal profumo fresco del fiore di Zagara, Prodotto in Calabria.\" \/>\n<meta property=\"og:url\" content=\"https:\/\/apicolturaalbano.it\/index.php\/prodotto\/miele-di-arancio\/\" \/>\n<meta property=\"og:site_name\" content=\"Apicoltura Albano\" \/>\n<meta property=\"article:modified_time\" content=\"2022-09-05T09:44:57+00:00\" \/>\n<meta property=\"og:image\" content=\"https:\/\/apicolturaalbano.it\/wp-content\/uploads\/2022\/01\/Arancio1000_3.jpg\" \/>\n\t<meta property=\"og:image:width\" content=\"2304\" \/>\n\t<meta property=\"og:image:height\" content=\"1728\" \/>\n\t<meta property=\"og:image:type\" content=\"image\/jpeg\" \/>\n<meta name=\"twitter:card\" content=\"summary_large_image\" \/>\n<meta name=\"twitter:label1\" content=\"Tempo di lettura stimato\" \/>\n\t<meta name=\"twitter:data1\" content=\"2 minuti\" \/>\n<script type=\"application\/ld+json\" class=\"yoast-schema-graph\">{\"@context\":\"https:\\\/\\\/schema.org\",\"@graph\":[{\"@type\":\"WebPage\",\"@id\":\"https:\\\/\\\/apicolturaalbano.it\\\/index.php\\\/prodotto\\\/miele-di-arancio\\\/\",\"url\":\"https:\\\/\\\/apicolturaalbano.it\\\/index.php\\\/prodotto\\\/miele-di-arancio\\\/\",\"name\":\"Miele di Arancio - Apicoltura Albano\",\"isPartOf\":{\"@id\":\"https:\\\/\\\/apicolturaalbano.it\\\/#website\"},\"primaryImageOfPage\":{\"@id\":\"https:\\\/\\\/apicolturaalbano.it\\\/index.php\\\/prodotto\\\/miele-di-arancio\\\/#primaryimage\"},\"image\":{\"@id\":\"https:\\\/\\\/apicolturaalbano.it\\\/index.php\\\/prodotto\\\/miele-di-arancio\\\/#primaryimage\"},\"thumbnailUrl\":\"https:\\\/\\\/apicolturaalbano.it\\\/wp-content\\\/uploads\\\/2022\\\/01\\\/Arancio1000_3.jpg\",\"datePublished\":\"2019-07-29T16:24:39+00:00\",\"dateModified\":\"2022-09-05T09:44:57+00:00\",\"description\":\"Il Miele di Arancio (o Miele di Zagara) si presenta con un colore dorato dal profumo fresco del fiore di Zagara, Prodotto in Calabria.\",\"breadcrumb\":{\"@id\":\"https:\\\/\\\/apicolturaalbano.it\\\/index.php\\\/prodotto\\\/miele-di-arancio\\\/#breadcrumb\"},\"inLanguage\":\"it-IT\",\"potentialAction\":[{\"@type\":\"ReadAction\",\"target\":[\"https:\\\/\\\/apicolturaalbano.it\\\/index.php\\\/prodotto\\\/miele-di-arancio\\\/\"]}]},{\"@type\":\"ImageObject\",\"inLanguage\":\"it-IT\",\"@id\":\"https:\\\/\\\/apicolturaalbano.it\\\/index.php\\\/prodotto\\\/miele-di-arancio\\\/#primaryimage\",\"url\":\"https:\\\/\\\/apicolturaalbano.it\\\/wp-content\\\/uploads\\\/2022\\\/01\\\/Arancio1000_3.jpg\",\"contentUrl\":\"https:\\\/\\\/apicolturaalbano.it\\\/wp-content\\\/uploads\\\/2022\\\/01\\\/Arancio1000_3.jpg\",\"width\":2304,\"height\":1728},{\"@type\":\"BreadcrumbList\",\"@id\":\"https:\\\/\\\/apicolturaalbano.it\\\/index.php\\\/prodotto\\\/miele-di-arancio\\\/#breadcrumb\",\"itemListElement\":[{\"@type\":\"ListItem\",\"position\":1,\"name\":\"Home\",\"item\":\"https:\\\/\\\/apicolturaalbano.it\\\/\"},{\"@type\":\"ListItem\",\"position\":2,\"name\":\"Shop\",\"item\":\"https:\\\/\\\/apicolturaalbano.it\\\/index.php\\\/negozio\\\/\"},{\"@type\":\"ListItem\",\"position\":3,\"name\":\"Miele di Arancio\"}]},{\"@type\":\"WebSite\",\"@id\":\"https:\\\/\\\/apicolturaalbano.it\\\/#website\",\"url\":\"https:\\\/\\\/apicolturaalbano.it\\\/\",\"name\":\"Apicoltura Albano\",\"description\":\"Apicoltori per passione\",\"publisher\":{\"@id\":\"https:\\\/\\\/apicolturaalbano.it\\\/#organization\"},\"potentialAction\":[{\"@type\":\"SearchAction\",\"target\":{\"@type\":\"EntryPoint\",\"urlTemplate\":\"https:\\\/\\\/apicolturaalbano.it\\\/?s={search_term_string}\"},\"query-input\":{\"@type\":\"PropertyValueSpecification\",\"valueRequired\":true,\"valueName\":\"search_term_string\"}}],\"inLanguage\":\"it-IT\"},{\"@type\":\"Organization\",\"@id\":\"https:\\\/\\\/apicolturaalbano.it\\\/#organization\",\"name\":\"Apicoltura Albano\",\"url\":\"https:\\\/\\\/apicolturaalbano.it\\\/\",\"logo\":{\"@type\":\"ImageObject\",\"inLanguage\":\"it-IT\",\"@id\":\"https:\\\/\\\/apicolturaalbano.it\\\/#\\\/schema\\\/logo\\\/image\\\/\",\"url\":\"https:\\\/\\\/apicolturaalbano.it\\\/wp-content\\\/uploads\\\/2020\\\/02\\\/2020.png\",\"contentUrl\":\"https:\\\/\\\/apicolturaalbano.it\\\/wp-content\\\/uploads\\\/2020\\\/02\\\/2020.png\",\"width\":512,\"height\":512,\"caption\":\"Apicoltura Albano\"},\"image\":{\"@id\":\"https:\\\/\\\/apicolturaalbano.it\\\/#\\\/schema\\\/logo\\\/image\\\/\"}}]}<\/script>\n<!-- \/ Yoast SEO plugin. -->","yoast_head_json":{"title":"Miele di Arancio - Apicoltura Albano","description":"Il Miele di Arancio (o Miele di Zagara) si presenta con un colore dorato dal profumo fresco del fiore di Zagara, Prodotto in Calabria.","robots":{"index":"index","follow":"follow","max-snippet":"max-snippet:-1","max-image-preview":"max-image-preview:large","max-video-preview":"max-video-preview:-1"},"canonical":"https:\/\/apicolturaalbano.it\/index.php\/prodotto\/miele-di-arancio\/","og_locale":"it_IT","og_type":"article","og_title":"Miele di Arancio - Apicoltura Albano","og_description":"Il Miele di Arancio (o Miele di Zagara) si presenta con un colore dorato dal profumo fresco del fiore di Zagara, Prodotto in Calabria.","og_url":"https:\/\/apicolturaalbano.it\/index.php\/prodotto\/miele-di-arancio\/","og_site_name":"Apicoltura Albano","article_modified_time":"2022-09-05T09:44:57+00:00","og_image":[{"width":2304,"height":1728,"url":"https:\/\/apicolturaalbano.it\/wp-content\/uploads\/2022\/01\/Arancio1000_3.jpg","type":"image\/jpeg"}],"twitter_card":"summary_large_image","twitter_misc":{"Tempo di lettura stimato":"2 minuti"},"schema":{"@context":"https:\/\/schema.org","@graph":[{"@type":"WebPage","@id":"https:\/\/apicolturaalbano.it\/index.php\/prodotto\/miele-di-arancio\/","url":"https:\/\/apicolturaalbano.it\/index.php\/prodotto\/miele-di-arancio\/","name":"Miele di Arancio - Apicoltura Albano","isPartOf":{"@id":"https:\/\/apicolturaalbano.it\/#website"},"primaryImageOfPage":{"@id":"https:\/\/apicolturaalbano.it\/index.php\/prodotto\/miele-di-arancio\/#primaryimage"},"image":{"@id":"https:\/\/apicolturaalbano.it\/index.php\/prodotto\/miele-di-arancio\/#primaryimage"},"thumbnailUrl":"https:\/\/apicolturaalbano.it\/wp-content\/uploads\/2022\/01\/Arancio1000_3.jpg","datePublished":"2019-07-29T16:24:39+00:00","dateModified":"2022-09-05T09:44:57+00:00","description":"Il Miele di Arancio (o Miele di Zagara) si presenta con un colore dorato dal profumo fresco del fiore di Zagara, Prodotto in Calabria.","breadcrumb":{"@id":"https:\/\/apicolturaalbano.it\/index.php\/prodotto\/miele-di-arancio\/#breadcrumb"},"inLanguage":"it-IT","potentialAction":[{"@type":"ReadAction","target":["https:\/\/apicolturaalbano.it\/index.php\/prodotto\/miele-di-arancio\/"]}]},{"@type":"ImageObject","inLanguage":"it-IT","@id":"https:\/\/apicolturaalbano.it\/index.php\/prodotto\/miele-di-arancio\/#primaryimage","url":"https:\/\/apicolturaalbano.it\/wp-content\/uploads\/2022\/01\/Arancio1000_3.jpg","contentUrl":"https:\/\/apicolturaalbano.it\/wp-content\/uploads\/2022\/01\/Arancio1000_3.jpg","width":2304,"height":1728},{"@type":"BreadcrumbList","@id":"https:\/\/apicolturaalbano.it\/index.php\/prodotto\/miele-di-arancio\/#breadcrumb","itemListElement":[{"@type":"ListItem","position":1,"name":"Home","item":"https:\/\/apicolturaalbano.it\/"},{"@type":"ListItem","position":2,"name":"Shop","item":"https:\/\/apicolturaalbano.it\/index.php\/negozio\/"},{"@type":"ListItem","position":3,"name":"Miele di Arancio"}]},{"@type":"WebSite","@id":"https:\/\/apicolturaalbano.it\/#website","url":"https:\/\/apicolturaalbano.it\/","name":"Apicoltura Albano","description":"Apicoltori per passione","publisher":{"@id":"https:\/\/apicolturaalbano.it\/#organization"},"potentialAction":[{"@type":"SearchAction","target":{"@type":"EntryPoint","urlTemplate":"https:\/\/apicolturaalbano.it\/?s={search_term_string}"},"query-input":{"@type":"PropertyValueSpecification","valueRequired":true,"valueName":"search_term_string"}}],"inLanguage":"it-IT"},{"@type":"Organization","@id":"https:\/\/apicolturaalbano.it\/#organization","name":"Apicoltura Albano","url":"https:\/\/apicolturaalbano.it\/","logo":{"@type":"ImageObject","inLanguage":"it-IT","@id":"https:\/\/apicolturaalbano.it\/#\/schema\/logo\/image\/","url":"https:\/\/apicolturaalbano.it\/wp-content\/uploads\/2020\/02\/2020.png","contentUrl":"https:\/\/apicolturaalbano.it\/wp-content\/uploads\/2020\/02\/2020.png","width":512,"height":512,"caption":"Apicoltura Albano"},"image":{"@id":"https:\/\/apicolturaalbano.it\/#\/schema\/logo\/image\/"}}]}},"_links":{"self":[{"href":"https:\/\/apicolturaalbano.it\/index.php\/wp-json\/wp\/v2\/product\/147","targetHints":{"allow":["GET"]}}],"collection":[{"href":"https:\/\/apicolturaalbano.it\/index.php\/wp-json\/wp\/v2\/product"}],"about":[{"href":"https:\/\/apicolturaalbano.it\/index.php\/wp-json\/wp\/v2\/types\/product"}],"wp:featuredmedia":[{"embeddable":true,"href":"https:\/\/apicolturaalbano.it\/index.php\/wp-json\/wp\/v2\/media\/7084"}],"wp:attachment":[{"href":"https:\/\/apicolturaalbano.it\/index.php\/wp-json\/wp\/v2\/media?parent=147"}],"wp:term":[{"taxonomy":"product_brand","embeddable":true,"href":"https:\/\/apicolturaalbano.it\/index.php\/wp-json\/wp\/v2\/product_brand?post=147"},{"taxonomy":"product_cat","embeddable":true,"href":"https:\/\/apicolturaalbano.it\/index.php\/wp-json\/wp\/v2\/product_cat?post=147"},{"taxonomy":"product_tag","embeddable":true,"href":"https:\/\/apicolturaalbano.it\/index.php\/wp-json\/wp\/v2\/product_tag?post=147"}],"curies":[{"name":"wp","href":"https:\/\/api.w.org\/{rel}","templated":true}]}}